{"id":66406,"date":"2024-05-13T09:10:29","date_gmt":"2024-05-13T07:10:29","guid":{"rendered":"https:\/\/rotschlag.li\/stage.rotschlag\/?post_type=product&#038;p=66406"},"modified":"2024-05-22T18:54:26","modified_gmt":"2024-05-22T16:54:26","slug":"wirbelsaeule-dehnen","status":"publish","type":"product","link":"https:\/\/rotschlag.li\/stage.rotschlag\/produkt\/wirbelsaeule-dehnen\/","title":{"rendered":"Wirbels\u00e4ule dehnen"},"content":{"rendered":"<h2>Beschreibung<\/h2>\n<p>Verspannungen im R\u00fccken, Nacken, Schulter, Brustmuskeln l\u00f6sen.<br \/>\nWirbel k\u00f6nne sich\u00a0 leicht verschieben und sind dadurch \u00fcberbelastet. Das f\u00fchrt zu Kopfschmerzen. Chronische Verspannungen k\u00f6nnen sogar die Bandscheiben sch\u00e4digen und Migr\u00e4ne\u00a0f\u00f6rdern.<\/p>\n","protected":false},"excerpt":{"rendered":"<p>Beschreibung Verspannungen im R\u00fccken, Nacken, Schulter, Brustmuskeln l\u00f6sen. Wirbel k\u00f6nne sich\u00a0 leicht verschieben und sind dadurch \u00fcberbelastet. Das f\u00fchrt zu Kopfschmerzen. Chronische Verspannungen k\u00f6nnen sogar die Bandscheiben sch\u00e4digen und Migr\u00e4ne\u00a0f\u00f6rdern.<\/p>\n","protected":false},"featured_media":66244,"comment_status":"closed","ping_status":"closed","template":"","meta":{"_coblocks_attr":"","_coblocks_dimensions":"","_coblocks_responsive_height":"","_coblocks_accordion_ie_support":"","_themeisle_gutenberg_block_has_review":false,"jetpack_post_was_ever_published":false,"jetpack_publicize_message":"","jetpack_publicize_feature_enabled":true,"jetpack_social_post_already_shared":true,"jetpack_social_options":{"image_generator_settings":{"template":"highway","enabled":false},"version":2}},"product_cat":[67,165,20],"product_tag":[717,745,746,736,22,738,740,747],"class_list":{"0":"post-66406","1":"product","2":"type-product","3":"status-publish","4":"has-post-thumbnail","6":"product_cat-gratis","7":"product_cat-downloads","8":"product_cat-merkblaetter","9":"product_tag-entspannen","10":"product_tag-knieschmerzen","11":"product_tag-nackenschmerzen","12":"product_tag-rueckenschmerzen","13":"product_tag-schmerzen","14":"product_tag-sich-selber-behandeln","15":"product_tag-verspannungen","16":"product_tag-wirbelsaeule-dehnen","18":"first","19":"instock","20":"downloadable","21":"taxable","22":"shipping-taxable","23":"purchasable","24":"product-type-simple"},"exclude_global_add_ons":[],"addons":[],"jetpack_publicize_connections":[],"jetpack_sharing_enabled":true,"publishpress_future_action":{"enabled":false,"date":"2026-05-13 23:24:36","action":"change-status","newStatus":"private","terms":[],"taxonomy":"product_type"},"publishpress_future_workflow_manual_trigger":{"enabledWorkflows":[]},"_links":{"self":[{"href":"https:\/\/rotschlag.li\/stage.rotschlag\/wp-json\/wp\/v2\/product\/66406","targetHints":{"allow":["GET"]}}],"collection":[{"href":"https:\/\/rotschlag.li\/stage.rotschlag\/wp-json\/wp\/v2\/product"}],"about":[{"href":"https:\/\/rotschlag.li\/stage.rotschlag\/wp-json\/wp\/v2\/types\/product"}],"replies":[{"embeddable":true,"href":"https:\/\/rotschlag.li\/stage.rotschlag\/wp-json\/wp\/v2\/comments?post=66406"}],"wp:featuredmedia":[{"embeddable":true,"href":"https:\/\/rotschlag.li\/stage.rotschlag\/wp-json\/wp\/v2\/media\/66244"}],"wp:attachment":[{"href":"https:\/\/rotschlag.li\/stage.rotschlag\/wp-json\/wp\/v2\/media?parent=66406"}],"wp:term":[{"taxonomy":"product_cat","embeddable":true,"href":"https:\/\/rotschlag.li\/stage.rotschlag\/wp-json\/wp\/v2\/product_cat?post=66406"},{"taxonomy":"product_tag","embeddable":true,"href":"https:\/\/rotschlag.li\/stage.rotschlag\/wp-json\/wp\/v2\/product_tag?post=66406"}],"curies":[{"name":"wp","href":"https:\/\/api.w.org\/{rel}","templated":true}]}}